 is divided by 15075242.
63
What is the remainder when 157829 is divided by 4917?
485
What is the remainder when 12321896 is divided by 821457?
41
Calculate the remainder when 2055658213 is divided by 183.
181
Calculate the remainder when 205967 is divided by 6643.
34
Calculate the remainder when 11207036 is divided by 1895.
6
What is the remainder when 78564 is divided by 15691?
109
What is the remainder when 12527691 is divided by 223?
220
Calculate the remainder when 94186 is divided by 348.
226
What is the remainder when 463718327 is divided by 266?
261
Calculate the remainder when 9761688 is divided by 947.
12
What is the remainder when 277744 is divided by 17323?
576
What is the remainder when 96519 is divided by 554?
123
What is the remainder when 18992399 is divided by 1064?
1063
Calculate the remainder when 1272385 is divided by 79.
11
What is the remainder when 25453 is divided by 8434?
151
What is the remainder when 8578929 is divided by 430?
429
What is the remainder when 38771 is divided by 12272?
1955
What is the remainder when 927473 is divided by 681?
632
Calculate the remainder when 13541000 is divided by 113.
97
Calculate the remainder when 9841 is divided by 4818.
205
What is the remainder when 2141185 is divided by 5772?
5545
What is the remainder when 21055 is divided by 21034?
21
Calculate the remainder when 36314616 is divided by 421.
419
Calculate the remainder when 262381 is divided by 37436.
329
What is the remainder when 3020584 is divided by 1287?
1282
What is the remainder when 646660 is divided by 9651?
43
What is the remainder when 1763238 is divided by 1763232?
6
Calculate the remainder when 357203373 is divided by 36.
33
Calculate the remainder when 33069 is divided by 8233.
137
Calculate the remainder when 1873028 is divided by 310.
8
What is the remainder when 178026591 is divided by 89013291?
9
Calculate the remainder when 13538715 is divided by 1291.
1289
Calculate the remainder when 123908 is divided by 63.
50
Calculate the remainder when 35161729 is divided by 28.
1
Calculate the remainder when 7082929 is divided by 4967.
4954
Calculate the remainder when 7894076 is divided by 102518.
190
What is the remainder when 1257699 is divided by 826?
527
What is the remainder when 11680088 is divided by 778671?
23
Calculate the remainder when 44921944 is divided by 629.
22
Calculate the remainder when 16209 is divided by 253.
17
What is the remainder when 3069641 is divided by 6395?
41
What is the remainder when 16334492 is divided by 144553?
3
Calculate the remainder when 141625 is divided by 35366.
161
Calculate the remainder when 530152 is divided by 5266.
3552
Calculate the remainder when 4079869 is divided by 88.
13
Calculate the remainder when 2921785 is divided by 243482.
1
Calculate the remainder when 13309146 is divided by 91.
32
Calculate the remainder when 139549 is divided by 6906.
1429
What is the remainder when 1127512 is divided by 58?
50
What is the remainder when 77045950 is divided by 17?
12
Calculate the remainder when 5476459 is divided by 133571.
48
What is the remainder when 59367520 is divided by 251?
247
What is the remainder when 25922 is divided by 209?
6
What is the remainder when 30592 is divided by 904?
760
Calculate the remainder when 97821 is divided by 2127.
2106
Calculate the remainder when 3242664 is divided by 1080838.
150
Calculate the remainder when 745707 is divided by 1803.
1068
What is the remainder when 379266 is divided by 15786?
402
What is the remainder when 186428 is divided by 1306?
976
What is the remainder when 19486689 is divided by 912?
897
Calculate the remainder when 30485 is divided by 477.
434
What is the remainder when 219630 is divided by 68?
58
What is the remainder when 142252 is divided by 35308?
1020
What is the remainder when 535752 is divided by 448?
392
What is the remainder when 344594 is divided by 334941?
9653
What is the remainder when 853645608 is divided by 2087?
2085
Calculate the remainder when 19823624 is divided by 6226.
40
Calculate the remainder when 105709 is divided by 1243.
54
What is the remainder when 13748 is divided by 2253?
230
Calculate the remainder when 913819197 is divided by 6720.
6717
What is the remainder when 210451 is divided by 210446?
5
Calculate the remainder when 146781 is divided by 2718.
9
Calculate the remainder when 979289 is divided by 275.
14
What is the remainder when 800222 is divided by 54?
50
Calculate the remainder when 3145196 is divided by 3670.
6
Calculate the remainder when 116302 is divided by 115829.
473
What is the remainder when 2834514 is divided by 1417231?
52
Calculate the remainder when 1048908 is divided by 211.
27
What is the remainder when 40379 is divided by 713?
451
What is the remainder when 52929624 is divided by 90?
84
What is the remainder when 78974948 is divided by 91?
52
Calculate the remainder when 7448833 is divided by 15616.
1
Calculate the remainder when 122742 is divided by 3141.
243
Calculate the remainder when 355660 is divided by 87963.
3808
What is the remainder when 652666 is divided by 543?
523
What is the remainder when 213727988 is divided by 599?
595
What is the remainder when 4760892 is divided by 952175?
17
Calculate the remainder when 227845847 is divided by 5063241.
2
Calculate the remainder when 84999 is divided by 42264.
471
What is the remainder when 2255560 is divided by 92?
88
What is the remainder when 327317 is divided by 231?
221
Calculate the remainder when 61684428 is divided by 288.
12
What is the remainder when 232348 is divided by 406?
116
Calculate the remainder when 9346 is divided by 9333.
13
What is the remainder when 560172 is divided by 186599?
375
Calculate the remainder when 657068 is divided by 50386.
2050
Calculate the remainder when 175822 is divided by 35088.
382
What is the remainder when 297068 is divided by 3910?
3818
What is the remainder when 6981407 is divided by 59?
55
What is the remainder when 262388 is divided by 131?
126
Calculate the remainder when 19982 is divided by 2838.
116
Calculate the remainder when 577949 is divided by 713.
419
What is the remainder when 23751271 is divided by 407?
379
Calculate the remainder when 186734 is divided by 2522.
106
Calculate the remainder when 120204 is divided by 1630.
1214
Calculate the remainder when 20340388 is divided by 1809.
1801
Calculate the remainder when 20220 is divided by 2525.
20
What is the remainder when 21753 is divided by 2376?
369
Calculate the remainder when 6212936 is divided by 345153.
182
What is the remainder when 131122 is divided by 131081?
41
What is the remainder when 345808559 is divided by 680?
679
Calculate the remainder when 110275 is divided by 54684.
907
Calculate the remainder when 555359 is divided by 2794.
2147
What is the remainder when 153721603 is divided by 105796?
15
What is the remainder when 348949510 is divided by 34?
30
What is the remainder when 102969 is divided by 5718?
45
Calculate the remainder when 3874467 is divided by 9427.
9397
What is the remainder when 10602712 is divided by 1768?
16
What is the remainder when 1791320 is divided by 29?
19
Calculate the remainder when 10892 is divided by 10415.
477
What is the remainder when 2281017 is divided by 108608?
249
Calculate the remainder when 14287912 is divided by 1901.
1897
Calculate the remainder when 247941 is divided by 1127.
1
What is the remainder when 1727281 is divided by 3302?
335
What is the remainder when 698519 is divided by 792?
767
Calculate the remainder when 14987174 is divided by 7493585.
4
What is the remainder when 245872 is divided by 8195?
22
Calculate the remainder when 14137131 is divided by 673196.
15
Calculate the remainder when 310736550 is divided by 94.
92
Calculate the remainder when 1357622 is divided by 193946.
0
Calculate the remainder when 3328386 is divided by 2398.
2360
What is the remainder when 9405309 is divided by 278?
13
What is the remainder when 3280937 is divided by 142645?
102
Calculate the remainder when 12815 is divided by 12241.
574
What is the remainder when 1697197 is divided by 22629?
22
What is the remainder when 102274708 is divided by 217?
4
Calculate the remainder when 62251857 is divided by 393999.
15
What is the remainder when 2753878